2 - 29*n - 2. Give k(5).
-19
Let c(o) = 7*o - 2*o**2 - o**3 + 2*o**2 - 3*o**2. Let b = -12788 - -12783. Give c(b).
15
Let r(c) = 0*c - 61 + 7*c + 60 - 5*c. What is r(-4)?
-9
Let a(c) = -c**2. Let i(g) = -5*g**2 + g - 1. Let m(u) = u**2 + 5*u + 5. Let b be m(-4). Let o(f) = b*i(f) - 6*a(f). Suppose 0 = -145*n + 154*n - 18. Give o(n).
5
Let p(y) = y**3 - 21*y**2 + 19*y + 23. Let f be p(20). Let m(z) = -z**f + 5 - 6 + z - 3*z**2 + 6*z**2 - 2*z**2. Determine m(0).
-1
Let m(q) = -6*q**2 + q + 1. Let b be (3 - 2)*3*-4. Let r be -2*(b/(-8) - 1). Give m(r).
-6
Let p(s) = -s**2 - 8*s - 10. Let g(f) = -f**2 - 9*f - 12. Let h(w) = -5*g(w) + 6*p(w). Calculate h(-6).
-18
Let b(q) = -41 + 12*q**2 - 14*q**2 + 11*q + 47. Calculate b(8).
-34
Let u(j) = 11*j**3 + j. Let b = -3 + -9. Let n be 18/b*1*(-2)/(-3). Give u(n).
-12
Let f(r) = -r + 16. Let x(a) = -3*a + 33. Let t(m) = -5*f(m) + 2*x(m). Give t(6).
-20
Let d(x) = x**3 - 7*x**2 + 4*x + 14. Let z be 25/4 + (-1)/4. Let g be d(z). Let o(w) = -w**2 + 2*w + 5. Let i be o(g). Let r(k) = -k**2 + 7*k. Determine r(i).
10
Let s(i) = -8. Let m = 48 + -47. Let j(p) = p. Let u(c) = m*s(c) + j(c). Calculate u(7).
-1
Let j(d) = 7*d + 1. Let u(y) = -3*y - 1. Let g = 71 - 66. Let i(k) = g*u(k) + 2*j(k). Calculate i(-4).
1
Let n(s) = -3*s + 6. Let l be n(-8). Let q be (60/(-75))/(4/l). Let c(z) = 3*z + 9. Calculate c(q).
-9
Let b(o) be the second derivative of 0 - 5/6*o**3 - 13*o - 1/4*o**4 - 2*o**2 - 1/20*o**5. Calculate b(-3).
11
Let u be (-27)/5 + 4/10. Let o(s) = -s**2 + s + 2. Let k be o(0). Let z(j) = 11*j + 2 - 2*j + j**k - 3*j. Calculate z(u).
-3
Let s(u) = u**2 - 1. Suppose -5*r + 4*b + 10 = 0, 3*b + 13 = 2*r - r. Let p be s(r). Let a = p - -2. Let j(k) = k**2 - 6*k + 2. What is j(a)?
-3
Suppose 2*b = -4, -2*k + 0*k = b + 10. Let l(r) = -3 - 4*r + 2*r - 3*r**2 - 2*r + 5 + r**2. Calculate l(k).
-14
Suppose 0 = -8*c + 50 - 362. Let g = -41 - c. Let k(w) = 11*w**2 + 17*w + 3. Let j(y) = -7*y**2 - 11*y - 2. Let r(z) = -8*j(z) - 5*k(z). Give r(g).
-1
Suppose 3*g - 5*w + 7 = -0*g, g - w + 3 = 0. Let y = -2 - g. Let m(v) = -3*v + 1 - 2*v + 4*v + y*v. Calculate m(-1).
0
Let o(r) = -r**3 - 2*r**2 + 4*r - 3. Suppose -a = 16*a - 34. Give o(a).
-11
Let a(l) = 18*l**3 + 2*l**2 - 1. Let m(o) = o**3 + 10*o**2 + 13*o - 25. Let s be m(-8). Determine a(s).
-17
Let y(g) = -28*g - 20*g + 33*g. Determine y(1).
-15
Let y = 408 - 409. Let p(c) be the second derivative of -c**4/12 + c. Give p(y).
-1
Let g be 1/3*3 - -1. Let i(d) = 3*d - 1 - 2 - g*d**2 + 1 + d. Suppose -39 = 8*z - 21*z. Calculate i(z).
-8
Let z(x) be the third derivative of -x**5/60 - x**4/24 - 5*x**3/6 - 6*x**2 + 9*x. Give z(-5).
-25
Let a = 278 - 281. Let z(s) = -s - 7. What is z(a)?
-4
Let q be (0 - 3) + (-32)/(-4). Let l = -2 + q. Let w(x) = l + 2*x - 2 + 1 - 3. Calculate w(4).
7
Let r(s) = -s**2 + 6*s - 4. Let g = -8 + 16. Suppose g*y = y. Suppose y*w = -w + 6. Calculate r(w).
-4
Let c(g) = -g**2 + 5*g - 1. Let h be (-2)/(-21) + -186*(-12)/378. Calculate c(h).
-7
Let v be 4/6 - 7/(-3). Let m be v/1 + (1 - 0). Suppose 0 = -z - z + m. Let o(d) = d**3 - d**2 + 3*d - 3. Calculate o(z).
7
Suppose 0*l = 5*u + 2*l - 12, -4*u = 4*l - 12. Let y(o) = -9*o + 2 + 5*o + 9*o + u. Suppose 2*j - 3 = -j, 5*j - 17 = 4*z. Determine y(z).
-11
Suppose 3*a - 5*l = 1, -5*a - 4*l + 3*l + 11 = 0. Let i(c) = c**2 + 2 + c**2 - 3*c**a. Let n(v) = 80*v + 163. Let t be n(-2). What is i(t)?
-7
Let i be -5*(0 + 15/5). Let j be (-1)/(3 + i/6). Let x(q) = q - 1. Calculate x(j).
-3
Suppose 0 = -22*r - 127 + 193. Let l(s) be the second derivative of -s**4/12 + s**2 - s. Determine l(r).
-7
Let a(m) = 10*m**2 + 5*m + 10. Let h(o) = -3*o**2 - 4. Let w(k) = -a(k) - 3*h(k). Let p(l) = -l**3 - 6*l**2 + 2*l + 8. Let y be p(-6). What is w(y)?
6
Let y(g) = -g**3 + 3*g**2 + 4*g + 2. Let l(d) = 2*d**3 + 3*d**2 + 2*d + 2. Let t be l(-2). Let r = -4 - t. Suppose -1 = q - r*n - 7, -2*q + 4 = 4*n. Give y(q).
2
Let z(g) = -g + 2*g - 7 + 0*g - 2*g. Let x(i) = -5*i**2 + 7*i**2 + 1 - 4*i**2 + 9*i. Let c be x(4). Give z(c).
-12
Let k(n) = -n**3 + 6*n**2 + 2*n + 4. Let v be k(6). Suppose 0*r + 2*l = 5*r + v, -3 = -l. Let p(o) = o**3 - 3*o**2 - 2*o. What is p(r)?
-16
Let a(h) = -3*h + h + 3*h + 6*h**2 - 2 - 8*h**2 + 5*h. Calculate a(4).
-10
Let n(o) = -3*o - 1. Suppose 4*s = -4*d - 8, d - 4*d = 5*s. Let x be (-1 - -3) + -8 + 8. Suppose 7 = x*m - v, -s = v - 0. Calculate n(m).
-7
Let b be (-2)/(-6)*6 - -1. Let k(y) = -36*y**3 + 37*y**3 + 3*y**2 - b + 5 + y. What is k(-3)?
-1
Let m(o) = -3*o**3 - 3*o**2 + 2*o + 2. Let p = -32 + 37. Let r(c) = -5*c**3 - 4 - 5*c - 1 + 12*c**3 + 6*c**2. Let g(i) = p*m(i) + 2*r(i). Calculate g(-3).
0
Let q(h) = -h + 1. Let x(o) = 6*o - 1. Let d be x(6). Let f(z) = -z**2 + 15*z + 5. Let i be f(12). Let k = i - d. Give q(k).
-5
Let b(f) = -1 + 11 - 2022*f + 2013*f. What is b(8)?
-62
Suppose -6*k - 4*l - 44 = -k, 5*l = -4*k - 37. Let f(z) = z**2 + 7*z - 8. What is f(k)?
0
Let l(k) = -k**2 - 3 + 2*k + 2 - 4*k + 4*k**3 + 3*k. What is l(2)?
29
Let y(f) = f**2 - f - 6. Let o be y(0). Let x(u) = -7*u + 16*u - 2*u - u**2 - 6*u - 6*u. What is x(o)?
-6
Let m(g) = 8*g**3 - g. Let j = -93 - -73. Let v = -21 - j. What is m(v)?
-7
Let a(f) = f**2 + 5*f - 4. Let k(q) = -2*q**2 + 5*q - 3. Let i be 15/25*(-5 + 0). Let v(c) = -c**2 - 3*c + 3. Let y be v(i). Let r be k(y). Calculate a(r).
2
Let j(o) be the second derivative of -1/2*o**4 + 7/2*o**2 - 1/3*o**3 - 1/20*o**5 - 27*o + 0. Determine j(-5).
-8
Let q = 3 + -9. Let l(r) = -7*r**2 - 5*r + 6. Let u(p) = 6*p**2 + 4*p - 7. Let j(w) = q*u(w) - 5*l(w). Let b be 0/(72/54 - (-2)/3). Calculate j(b).
12
Suppose 5*m - 2 = 3*m + 5*q, -q - 10 = -2*m. Let r(g) = m*g + 4 + 3*g**3 + 7*g**2 - 2*g**3 - 2. Let c = -1671 - -1665. What is r(c)?
2
Let t(r) = -r**2 - r + 2. Let v(l) = l**3 - 11*l**2 - 13*l + 9. Suppose 4*c - 5*m = 53, -5*c = 5*m - 17 - 38. Let k be v(c). What is t(k)?
-4
Suppose -16 = -5*t + 9*t - 4*o, o + 1 = -4*t. Let b(p) = -38*p**2 + p. Give b(t).
-39
Let d be (-2 + 1)/(1/(-3)). Suppose i - d*v - 3 = -5, 3*i - v + 22 = 0. Let n(b) = -b - 13. Give n(i).
-5
Let x = 8 + -17. Let l(h) = h**2 + h + 3. Let s be l(5). Let k(p) = 35*p**2 + p**3 + s*p**2 - 60*p**2 - 10 - 10*p. Calculate k(x).
-1
Suppose -r + 3*r + 4*r = 0. Let l(f) = f - 15. What is l(r)?
-15
Suppose -9*b - 16 = -5*b. Let l = b - -4. Let u(c) = l*c**3 + 3*c**3 - 4*c**2 + 4*c + 3*c**3 - 5*c**3. Give u(3).
3
Let g(q) = 3*q - 2. Let h(w) = w + 12. Let k be h(-10). Let u(b) = 4*b - 2. Let p(n) = k*u(n) - 3*g(n). Calculate p(0).
2
Let a(p) be the third derivative of p**5/30 + 4*p**4/3 + p**3 + 2*p**2 - 76*p. What is a(-16)?
6
Let s(k) be the third derivative of -k**7/2520 + 7*k**5/30 + 3*k**2. Let c(l) be the third derivative of s(l). What is c(-5)?
10
Let p(b) = b**3 - b**2 + 1. Let d(q) = 7*q**3 + q + 18. Let w(x) = d(x) - 6*p(x). Give w(-6).
6
Let g = -23 - -24. Let x(v) = v**2 + 6 - 3*v + g - 1. What is x(4)?
10
Let w(g) = -5 + 3 + g + g**2 - 3. Let j = -25 - -28. Let s(o) = -o - 1. Let r(i) = j*s(i) - w(i). Determine r(-4).
2
Let s(o) be the second derivative of -o**7/2520 - 7*o**6/720 - 7*o**5/120 + o**4/12 - 9*o. Let u(d) be the third derivative of s(d). What is u(-5)?
3
Let k(h) = h**2 + 509 + 505 + 10*h - 1016. What is k(-10)?
-2
Let m(z) be the second derivative of 1/6*z**3 + 0 - 15*z + 3*z**2. Calculate m(-6).
0
Suppose 2*t - 6*t - 264 = 0. Let w be (-11)/t - (-10)/12. Let q(b) = 2*b**3 - 2*b**2 + b. Determine q(w).
1
Suppose -2*t - 15 = -7*t - 5*i, 4*t + 4 = 4*i. Let p = t - 1. Let d(r) be the second derivative of r**5/20 - r**4/12 + r**3/6 + 7*r**2/2 - 26*r. Give d(p).
7
Let u(q) = -q**2 - 4*q - 1. Suppose 3*g + r = 117, -2*g - 195 = -7*g - 3*r. Let n = 34 - g. What is u(n)?
-6
Let q(r) = r**3 + 3*r**2 + 4*r + 2. Let b be 3/2*20/15. Suppose 0 = 2*m + 4*o, m + b = o + 8. Suppose m = -2*g - 0. What is q(g)?
-2
Let l(p) = -2*p**2 + 5*p + 2. Let h(b) = 2*b**2 + 9*b + 16. Let s be h(-5). Suppose -10*z - s = -61. Give l(z).
-10
Let l be 12/9*(-6)/(-2) + -8. Let z(r) = r**3 + 3*r**2 - 3*r - 6. Calculate z(l).
-10
Let q(m) = 3*m**2 - 17*m. Let z = -49 + 54. Let f(a) = a**2 - 8*a. Let l(i) = z*f(i) - 2*q(i). Determine l(-7).
-7
Let d(p) = 1. Let q(o) = o - 5. Suppose -3*r - 18 = 4*i - 3*i, -5*i + r = 